{"id":65,"date":"2024-02-13T01:22:07","date_gmt":"2024-02-13T01:22:07","guid":{"rendered":"https:\/\/www.limur.eu\/limur\/?page_id=65"},"modified":"2024-02-13T01:51:45","modified_gmt":"2024-02-13T01:51:45","slug":"usa-tu-lengua-use-a-sua-lingua-p","status":"publish","type":"page","link":"https:\/\/www.limur.eu\/limur\/usa-tu-lengua-use-a-sua-lingua-p\/","title":{"rendered":"Usa tu lengua \/ Use a sua l\u00edngua :P"},"content":{"rendered":"\n<p>LIM\u00faR respeta y defiende la variedad y riqueza ling\u00fc\u00edstica de las tierras ib\u00e9ricas, si bien, por razones operativas, el sitio est\u00e1 solo en portugu\u00e9s y castellano. Agradeceremos las traducciones a otras lenguas de nuestros textos y te invitamos a comunicarte con nosotros en tu propia lengua.<\/p>\n\n\n\n<p>A LIM\u00faR respeita e defende a variedade e a riqueza lingu\u00edstica das terras ib\u00e9ricas, embora, por raz\u00f5es operacionais, o s\u00edtio esteja apenas em portugu\u00eas e castelhano. Agradecemos a tradu\u00e7\u00e3o dos nossos textos para outras l\u00ednguas e convidamos-vos a comunicar connosco na vossa pr\u00f3pria l\u00edngua.<\/p>\n\n\n\n<p><\/p>\n","protected":false},"excerpt":{"rendered":"<p>LIM\u00faR respeta y defiende la variedad y riqueza ling\u00fc\u00edstica de las tierras ib\u00e9ricas, si bien, por razones operativas, el sitio est\u00e1 solo en portugu\u00e9s y castellano. Agradeceremos las traducciones a otras lenguas de nuestros textos y te invitamos a comunicarte con nosotros en tu propia lengua. A LIM\u00faR respeita e defende a variedade e a &hellip; <a href=\"https:\/\/www.limur.eu\/limur\/usa-tu-lengua-use-a-sua-lingua-p\/\" class=\"more-link\">Continuar a ler<span class=\"screen-reader-text\"> &#8220;Usa tu lengua \/ Use a sua l\u00edngua :P&#8221;<\/span><\/a><\/p>\n","protected":false},"author":1,"featured_media":0,"parent":0,"menu_order":0,"comment_status":"closed","ping_status":"closed","template":"","meta":{"footnotes":""},"_links":{"self":[{"href":"https:\/\/www.limur.eu\/limur\/wp-json\/wp\/v2\/pages\/65"}],"collection":[{"href":"https:\/\/www.limur.eu\/limur\/wp-json\/wp\/v2\/pages"}],"about":[{"href":"https:\/\/www.limur.eu\/limur\/wp-json\/wp\/v2\/types\/page"}],"author":[{"embeddable":true,"href":"https:\/\/www.limur.eu\/limur\/wp-json\/wp\/v2\/users\/1"}],"replies":[{"embeddable":true,"href":"https:\/\/www.limur.eu\/limur\/wp-json\/wp\/v2\/comments?post=65"}],"version-history":[{"count":3,"href":"https:\/\/www.limur.eu\/limur\/wp-json\/wp\/v2\/pages\/65\/revisions"}],"predecessor-version":[{"id":69,"href":"https:\/\/www.limur.eu\/limur\/wp-json\/wp\/v2\/pages\/65\/revisions\/69"}],"wp:attachment":[{"href":"https:\/\/www.limur.eu\/limur\/wp-json\/wp\/v2\/media?parent=65"}],"curies":[{"name":"wp","href":"https:\/\/api.w.org\/{rel}","templated":true}]}}