{"id":26,"date":"2024-02-11T17:24:59","date_gmt":"2024-02-11T17:24:59","guid":{"rendered":"https:\/\/www.limur.eu\/limur\/?page_id=26"},"modified":"2024-07-09T11:56:30","modified_gmt":"2024-07-09T11:56:30","slug":"que-es-limur","status":"publish","type":"page","link":"https:\/\/www.limur.eu\/limur\/que-es-limur\/","title":{"rendered":"\u00bfQu\u00e9 es LIM\u00faR?"},"content":{"rendered":"\r\n<p>No, <strong>LIM\u00faR<\/strong> no es la nueva revelaci\u00f3n del pop island\u00e9s ni un simp\u00e1tico animalillo arbor\u00edcola de Madagascar: es la Lista Ib\u00e9rica de M\u00fasicas de Ra\u00edz.\u00a0<\/p>\r\n<p>\r\n\r\n<\/p>\r\n<p><strong>LIM\u00faR<\/strong> pretende celebrar, reconocer, potenciar y difundir las producciones discogr\u00e1ficas de <strong>m\u00fasicas ib\u00e9rica de ra\u00edz<\/strong> de mayor calidad.\u00a0\u00a0<\/p>\r\n<p>\r\n\r\n<\/p>\r\n<p>Entendemos por <strong>m\u00fasica ib\u00e9rica de ra\u00edz<\/strong> cualquier expresi\u00f3n musical <strong>con ra\u00edces en las culturas ib\u00e9ricas hecha en cualquier parte del planeta<\/strong>, as\u00ed como cualquier expresi\u00f3n musical <strong>con ra\u00edces en cualquier parte del planeta realizada por artistas ib\u00e9ricos y\/o en tierras ib\u00e9ricas<\/strong>, entendiendo por ib\u00e9rico lo referido a cualquier territorio bajo administraci\u00f3n espa\u00f1ola, portuguesa, andorrana o gibraltare\u00f1a, incluyendo aquellos situados fuera de la pen\u00ednsula Ib\u00e9rica.\u00a0<\/p>\r\n<p>\r\n\r\n<\/p>\r\n<p><strong>LIM\u00faR<\/strong> re\u00fane un plantel de especialistas en m\u00fasicas de ra\u00edz en sus diferentes vertientes: tradicional, folk, las llamadas m\u00fasicas del mundo, o de estilos como el flamenco, el fado o cualquier otro, con esp\u00edritu abierto para valorar cualquier producci\u00f3n discogr\u00e1fica en funci\u00f3n de su calidad art\u00edstica, m\u00e1s all\u00e1 de su estilo musical.\u00a0<\/p>\r\n<p>\r\n\r\n<\/p>\r\n<p><strong>LIM\u00faR<\/strong> produce cada a\u00f1o cuatro listas trimestrales y una anual con los discos recientes de las caracter\u00edsticas citadas mejor valorados por los panelistas, en una categor\u00eda \u00fanica que recoger\u00e1 cualquier producci\u00f3n discogr\u00e1fica, sin importar su formato o el modo de edici\u00f3n o distribuci\u00f3n.\u00a0<\/p>\r\n<p><strong>LIM\u00faR\u00a0<\/strong>ha sido ideada y es administrada por\u00a0<strong>Juan Antonio V\u00e1zquez<\/strong>\u00a0(Mundofon\u00edas, Mil mundos, Transglobal World Music Chart&#8230;) Para cualquier informaci\u00f3n adicional, entrevistas con el administrador, etc., no dudes en ponerte en <a href=\"https:\/\/www.limur.eu\/limur\/contacto\/\">contacto<\/a>.<\/p>\r\n<p><strong>\u00bfC\u00f3mo funciona?<\/strong><\/p>\r\n<p>La votaci\u00f3n de los panelistas se hace a partir de una lista cerrada que comprende los discos enviados a la <strong>LIM\u00faR<\/strong> a trav\u00e9s del formulario web, o autorizados para compartir con los panelistas de <strong>LIM\u00faR<\/strong>. Tambi\u00e9n se tendr\u00e1n en cuenta todos los discos considerados de m\u00fasicas ib\u00e9ricas de ra\u00edz de los que el administrador haya tenido conocimiento. Para ello, tanto los panelistas como cualquier persona puede notificar la publicaci\u00f3n de un disco de estas caracter\u00edsticas, que ser\u00e1 inmediatamente tenido en cuenta.<\/p>\r\n<p>Para la <strong>lista trimestral<\/strong> son elegibles los discos publicados en los dos \u00faltimos trimestres, m\u00e1s los del trimestre inmediatamente anterior que no hayan sido propuestos en anteriores votaciones.<\/p>\r\n<p>Para la <strong>lista anual<\/strong> se tendr\u00e1n en cuenta los discos publicados a lo largo de todo el a\u00f1o, m\u00e1s los del \u00faltimo trimestre del a\u00f1o anterior que no hayan sido tenidos en cuenta en la votaci\u00f3n del a\u00f1o anterior.<\/p>\r\n","protected":false},"excerpt":{"rendered":"<p>No, LIM\u00faR no es la nueva revelaci\u00f3n del pop island\u00e9s ni un simp\u00e1tico animalillo arbor\u00edcola de Madagascar: es la Lista Ib\u00e9rica de M\u00fasicas de Ra\u00edz.\u00a0 LIM\u00faR pretende celebrar, reconocer, potenciar y difundir las producciones discogr\u00e1ficas de m\u00fasicas ib\u00e9rica de ra\u00edz de mayor calidad.\u00a0\u00a0 Entendemos por m\u00fasica ib\u00e9rica de ra\u00edz cualquier expresi\u00f3n musical con ra\u00edces en &hellip; <a href=\"https:\/\/www.limur.eu\/limur\/que-es-limur\/\" class=\"more-link\">Continuar a ler<span class=\"screen-reader-text\"> &#8220;\u00bfQu\u00e9 es LIM\u00faR?&#8221;<\/span><\/a><\/p>\n","protected":false},"author":1,"featured_media":0,"parent":0,"menu_order":0,"comment_status":"closed","ping_status":"closed","template":"","meta":{"footnotes":""},"_links":{"self":[{"href":"https:\/\/www.limur.eu\/limur\/wp-json\/wp\/v2\/pages\/26"}],"collection":[{"href":"https:\/\/www.limur.eu\/limur\/wp-json\/wp\/v2\/pages"}],"about":[{"href":"https:\/\/www.limur.eu\/limur\/wp-json\/wp\/v2\/types\/page"}],"author":[{"embeddable":true,"href":"https:\/\/www.limur.eu\/limur\/wp-json\/wp\/v2\/users\/1"}],"replies":[{"embeddable":true,"href":"https:\/\/www.limur.eu\/limur\/wp-json\/wp\/v2\/comments?post=26"}],"version-history":[{"count":6,"href":"https:\/\/www.limur.eu\/limur\/wp-json\/wp\/v2\/pages\/26\/revisions"}],"predecessor-version":[{"id":283,"href":"https:\/\/www.limur.eu\/limur\/wp-json\/wp\/v2\/pages\/26\/revisions\/283"}],"wp:attachment":[{"href":"https:\/\/www.limur.eu\/limur\/wp-json\/wp\/v2\/media?parent=26"}],"curies":[{"name":"wp","href":"https:\/\/api.w.org\/{rel}","templated":true}]}}